13.
-24a6
What is -74740 (base 8) in base 11?
-21494
What is 1211 (base 5) in base 16?
b5
-dc3 (base 14) to base 10
-2719
740 (base 12) to base 3
1110010
61023 (base 7) to base 4
3212232
13024 (base 5) to base 12
706
-133200 (base 4) to base 2
-11111100000
-17049 (base 10) to base 3
-212101110
-3 (base 15) to base 13
-3
What is -205347 (base 8) in base 4?
-100223213
Convert -1056 (base 16) to base 6.
-31210
Convert 574 (base 8) to base 7.
1052
What is 55c (base 14) in base 12?
746
Convert 1031 (base 8) to base 14.
2a5
What is -101013 (base 4) in base 16?
-447
Convert 3326 (base 16) to base 8.
31446
-e205 (base 15) to base 9
-72385
Convert -1000011011101 (base 2) to base 6.
-31553
Convert 61e (base 16) to base 5.
22231
323 (base 12) to base 9
560
What is 105745 (base 8) in base 10?
35813
What is 1794 (base 13) in base 3?
11210200
Convert 3251 (base 8) to base 15.
78a
What is 7dc (base 14) in base 12?
aa6
What is 1533 (base 11) in base 15?
8b7
-100100100111110 (base 2) to base 5
-1100000
Convert -13063 (base 10) to base 15.
-3d0d
-2520 (base 14) to base 11
-4976
What is -6a4b (base 12) in base 3?
-121021112
What is -33306 (base 8) in base 3?
-201020100
Convert -103403 (base 5) to base 9.
-4843
Convert 98a4 (base 11) to base 13.
5c39
What is 354 (base 14) in base 12?
472
What is 13b (base 12) in base 10?
191
46b (base 13) to base 6
3313
Convert -221322 (base 4) to base 14.
-d98
What is 2451 (base 7) in base 4?
32112
What is -1222031 (base 4) in base 8?
-15215
What is -1c8 (base 14) in base 3?
-111210
Convert 32556 (base 9) to base 7.
116652
What is -134 (base 5) in base 2?
-101100
Convert 898 (base 10) to base 15.
3ed
What is -125 (base 8) in base 16?
-55
Convert 386 (base 9) to base 15.
166
Convert -1b61 (base 15) to base 3.
-22011001
What is -413 (base 12) in base 11?
-498
19ab (base 12) to base 10
3155
Convert 791 (base 14) to base 13.
8b4
1050 (base 15) to base 3
11201210
Convert 1313524 (base 6) to base 10.
72124
What is -5545 (base 7) in base 2?
-11111001001
-242345 (base 6) to base 7
-116054
What is -4239 (base 10) in base 15?
-13c9
What is -1122204 (base 5) in base 8?
-47520
Convert -416 (base 13) to base 9.
-852
What is 9aa (base 11) in base 4?
102321
Convert -24356 (base 8) to base 15.
-3188
23421 (base 9) to base 2
11110100100100
What is -634 (base 11) in base 15?
-35d
What is 3223 (base 10) in base 16?
c97
-2253 (base 12) to base 16
-edf
Convert 5 (base 7) to base 6.
5
What is -110022112 (base 3) in base 8?
-21422
What is 210 (base 3) in base 9?
23
101111001001110 (base 2) to base 4
11321032
What is 13252 (base 12) in base 7?
136406
Convert -132321 (base 5) to base 16.
-14d8
What is 12045 (base 6) in base 10?
1757
Convert 46218 (base 10) to base 2.
1011010010001010
What is -5592 (base 14) in base 13?
-6998
What is 10310 (base 6) in base 5?
21120
What is -5d38 (base 14) in base 8?
-37676
-4440 (base 6) to base 12
-720
What is -6b5 (base 13) in base 2?
-10010001010
What is -11116 (base 7) in base 16?
-af6
What is -22526 (base 7) in base 8?
-13171
-1110111010110011 (base 2) to base 7
-343104
135 (base 7) to base 6
203
Convert -13551 (base 6) to base 11.
-168a
What is -b3 (base 15) in base 13?
-cc
What is -2112212101 (base 3) in base 5?
-3101303
-11452 (base 6) to base 4
-122120
Convert -22002 (base 5) to base 3.
-2001122
Convert 11100011 (base 2) to base 14.
123
4f (base 16) to base 7
142
Convert -1039 (base 12) to base 3.
-2102200
-11310 (base 4) to base 12
-270
616 (base 9) to base 6
2153
-32050 (base 6) to base 11
-32a5
Convert -1dc (base 15) to base 10.
-432
What is -115302 (base 8) in base 16?
-9ac2
Convert 145145 (base 7) to base 13.
cabb
Convert 4013 (base 6) to base 10.
873
-1544 (base 8) to base 5
-11433
Convert -1121212 (base 4) to base 14.
-2138
Convert 11523 (base 6) to base 11.
1312
-110c8 (base 14) to base 11
-29069
What is -2481 (base 11) in base 14?
-1271
9920 (base 11) to base 12
76aa
What is 1332312 (base 4) in base 13?
3906
Convert 31174 (base 8) to base 4.
3021330
What is 739 (base 11) in base 10?
889
What is -2ef (base 16) in base 14?
-3b9
74556 (base 10) to base 3
10210021100
-11610 (base 9) to base 11
-5938
Convert -84416 (base 9) to base 3.
-2211110120
222020122 (base 3) to base 16
4abd
What is -45544 (base 8) in base 6?
-225204
What is -11011001110 (base 2) in base 7?
-5036
-e3c (base 15) to base 11
-2456
What is 279 (base 12) in base 14?
1d3
What is -210002 (base 3) in base 15?
-27e
-13f (base 16) to base 11
-270
What is -132215 (base 6) in base 3?
-121201002
12433 (base 6) to base 4
131211
120302 (base 4) to base 2
11000110010
What is 849 (base 10) in base 5?
11344
1438 (base 9) to base 2
10001000000
Convert 125 (base 15) to base 11.
217
Convert 23231 (base 5) to base 15.
77b
What is -100001 (base 3) in base 11?
-202
What is -571 (base 8) in base 11?
-313
What is 6 (base 11) in base 2?
110
58 (base 13) to base 3
2201
Convert -634 (base 10) to base 11.
-527
What is -100100100 (base 2) in base 11?
-246
What is -10001100 (base 4) in base 14?
-6000
Convert 9312 (base 11) to base 9.
17847
What is 102a7 (base 11) in base 12?
8820
170 (base 12) to base 3
22110
-406 (base 14) to base 5
-11130
What is -5648 (base 9) in base 5?
-113200
What is -35 (base 13) in base 7?
-62
101110110011 (base 2) to base 3
11002221
Convert -12003 (base 6) to base 4.
-123003
-9 (base 16) to base 3
-100
What is 3177 (base 11) in base 12?
251a
What is 32700 (base 9) in base 4?
11103030
-212010 (base 3) to base 14
-328
Convert 221 (base 16) to base 13.
32c
Convert 132002 (base 6) to base 5.
341343
What is -1322 (base 10) in base 4?
-110222
What is -53bc (base 13) in base 16?
-2d7f
What is -1110100010010 (base 2) in base 10?
-7442
Convert 36370 (base 8) to base 4.
3303320
Convert -303 (base 6) to base 12.
-93
Convert 223434 (base 5) to base 7.
32210
Convert -1686a (base 12) to base 15.
-98ad
-19dd (base 16) to base 14
-25ad
-3135 (base 7) to base 2
-10001010000
-565 (base 16) to base 10
-1381
2aa15 (base 12) to base 6
1142425
Convert -2110200220 (base 3) to base 14.
-13a12
Convert 205 (base 7) to base 6.
251
Convert -11000011110111 (base 2) to base 7.
-51355
Convert 34801 (base 10) to base 3.
1202201221
What is 121104 (base 7) in base 12?
10899
What is 1010101001 (base 2) in base 13?
405
What is -b2 (base 14) in base 3?
-12210
-3480 (base 12) to base 13
-2886
Convert 5550 (base 9) to base 15.
1330
-8b (base 15) to base 7
-245
-13020 (base 5) to base 10
-1010
What is -201144 (base 5) in base 15?
-1d84
43412 (base 5) to base 2
101110100110
What is 496 (base 14) in base 6?
4124
40341 (base 5) to base 7
10366
-34a (base 16) to base 3
-1011012
What is 69 (base 16) in base 11?
96
What is 43582 (base 9) in base 15?
8875
a824 (base 12) to base 7
104551
563 (base 9) to base 6
2050
Convert 571c (base 14) to base 5.
440433
Convert -1241232 (base 5) to base 6.
-305423
What is 21223 (base 6) in base 5?
43040
Convert -1504512 (base 6) to base 13.
-30548
Convert -69 (base 12) to base 16.
-51
Convert 10100111111001 (base 2) to base 10.
10745
Convert 1002 (base 4) to base 11.
60
What is 201121 (base 3) in base 10?
529
-102 (base 4) to base 3
-200
Convert 2778 (base 9) to base 5.
31341
Convert -4716 (base 10) to base 11.
-35a8
What is 10061 (base 8) in base 5?
113040
10110100 (base 2) to base 10
180
What is 938 (base 11) in base 13?
68c
What is -1073 (base 8) in base 12?
-3b7
-312 (base 11) to base 15
-1a1
Convert 11030 (base 5) to base 2.
1011111101
Convert 10010111111111 (base 2) to base 3.
111100021
Convert -307 (base 8) to base 3.
-21101
What is 188 (base 10) in base 6?
512
Convert 10101011100 (base 2) to base 7.
4000
1785 (base 9) to base 12
965
What is 1733 (base 11) in base 15?
9c9
What is 3034 (base 7) in base 2?
10000011110
What is -126d (base 16) in base 11?
-35a9
What is 5045 (base 9) in base 10?
3686
fee (base 16) to base 10
4078
Convert 19d (base 14) to base 12.
23b
Convert -2c35 (base 16) to base 15.
-3547
Convert -101010110100 (base 2) to base 15.
-c2a
230000 (base 4) to base 10
2816
What is -1723 (base 8) in base 4?
-33103
1542 (base 8) to base 15
3cb
Convert 32114 (base 5) to base 12.
12bb
-1d49 (base 15) to base 16
-18e1
2308 (base 14) to base 2
1011111000100
-276 (base 15) to base 12
-3a9
What is 1033 (base 6) in base 11?
1a6
3442 (base 7)